33, g + 18 = 5*v. What is the highest common divisor of v and 6?
3
Suppose 5*y - 87 = 3*g + 1449, -3*y + 910 = 4*g. What is the greatest common divisor of 34 and y?
34
Suppose -4*g = 0, -5*g = -r + 159 + 49. Calculate the greatest common divisor of r and 16.
16
Let u(a) = 4*a + 6. Let j be u(0). Calculate the greatest common divisor of j and 18.
6
Let w(p) = 2*p + 12. Suppose 0 = 2*l - 3*r - 0 - 24, 0 = 3*l + 3*r - 21. Let s be w(l). Let u = -21 + s. What is the highest common divisor of u and 45?
9
Let x be 18/(-15)*(1356/(-18) + 2). What is the highest common divisor of x and 8?
8
Let c be (-91)/(-5) - (-2)/(-10). What is the highest common divisor of c and 162?
18
Let z(k) = 2*k - 21. Let r be z(11). Let s be (-2)/r*(-2 - 8). Let f = -9 - -13. What is the highest common factor of f and s?
4
Let a(c) = 13*c + 60. Let n be a(4). What is the highest common factor of 14 and n?
14
Suppose -3*o + 7 - 40 = -3*h, -4*h - o + 59 = 0. What is the highest common factor of 28 and h?
14
Suppose s + 5*h - 30 = -5, -h + 77 = 5*s. Let p be (-6)/(-33) - 4/22. Suppose p = -2*r - 11 + 341. Calculate the greatest common factor of r and s.
15
Let g be (165/20)/((-1)/(-4)). Calculate the greatest common factor of 11 and g.
11
Let r(p) = p**2 + 4*p - 5. Let u = 2 + 1. Let o be (0 - -3)/(u/8). Let n be r(o). What is the greatest common divisor of n and 13?
13
Let k = 0 + 5. Let j = 6 - k. Calculate the highest common divisor of 8 and j.
1
Let v(p) = -9*p + 3. Let j be v(-5). Let g be (-6)/5*20/(-3). Calculate the greatest common divisor of g and j.
8
Let b(q) = -q**3 + 2*q**2 + 7*q - 1. Let h be b(3). Let x = 12 - -32. Calculate the highest common divisor of h and x.
11
Let f = -54 - -64. Calculate the greatest common factor of f and 15.
5
Let n(h) = -h + 2. Let m be n(2). Let z be 3 + 0 + (m - 0). What is the highest common factor of 9 and z?
3
Let u = 18 - 11. Calculate the greatest common factor of 56 and u.
7
Suppose 0*l = -l + 78. Suppose -2*v + 42 = 2*f + 2*f, f - l = -3*v. Let g = 40 - v. What is the highest common divisor of 117 and g?
13
Suppose 4*h + 4 = 12. Suppose l = h*l - 6. Calculate the highest common divisor of l and 48.
6
Suppose -n - 110 = -3*b, -b + n + 24 = -16. Let m(p) = 5*p + 4. Let l be m(2). What is the highest common divisor of b and l?
7
Let u(p) = p - 3. Let v be u(4). Let x = v + -1. Suppose r = -z + 8, -5*z = -2*r - x - 68. Calculate the highest common factor of z and 12.
12
Let z(l) = -l**2 - 5*l + 6. Let y be z(-5). Calculate the highest common factor of 3 and y.
3
Let a be 82/2 - (-1 - -2). Suppose -w - 3*w = a. Let l be 0 + (2 + -3 - w). Calculate the greatest common divisor of 72 and l.
9
Suppose -4*t + u + 22 = 0, -u - 5 = 5*t - 28. Suppose -2*z - 82 = a, 0*a = -2*z - t*a - 74. Let m = z + 66. Calculate the highest common factor of 3 and m.
3
Let z be -3 + 23 + -2 + -3. What is the highest common factor of 120 and z?
15
Let s = -52 - -59. Calculate the highest common divisor of s and 14.
7
Let i = -13 + 7. Let f = i + 14. What is the greatest common factor of 12 and f?
4
Suppose 4*z - 2*z - 156 = 0. Calculate the highest common divisor of z and 26.
26
Let u(w) = 2*w - 4. Let a be u(4). Suppose -3*k + 13 + 23 = 0. What is the greatest common divisor of a and k?
4
Let g(d) = -d**2 + 16*d + 22. Let k be g(16). What is the greatest common factor of k and 154?
22
Suppose -3 = -4*j + 1, 66 = 4*d + 2*j. Suppose -5*v + 15 = 0, -5*v - 185 = -5*f - 0*v. What is the highest common divisor of d and f?
8
Suppose 0*q - 4*q - 44 = 0. Let g = q - -24. Calculate the greatest common divisor of 52 and g.
13
Suppose -4*g = -2*o + 2, -7*g + 1 = -6*g. Calculate the highest common divisor of o and 21.
3
Suppose 3*v + 18 = 5*v. Calculate the greatest common divisor of v and 81.
9
Suppose -r - 137 = -5*y - 3*r, 5*r = y - 22. Let i be ((-28)/(-12) + -1)*y. What is the highest common divisor of 54 and i?
18
Let s(t) = 8*t - 4. Let m be s(10). Let h be 4/(-18) + m/18. Let x be (-15)/2*h/(-3). Calculate the greatest common divisor of 80 and x.
10
Suppose 2*n - 3*n + 94 = 4*r, r = -n + 22. Let p = -12 + 12. Suppose -4*i + p*f = 5*f - 2, -4 = -4*i - 4*f. What is the greatest common divisor of i and r?
3
Let y(v) = 10*v**2 - 2*v - 3. Let w be y(3). Let r = -71 + 125. What is the greatest common divisor of w and r?
27
Let o(q) = q**3 + 3*q**2 + 3*q + 2. Let d be o(-2). Let u = -9 - -13. Suppose 24 = u*a - d*a. Calculate the highest common factor of 15 and a.
3
Let h be (-1)/(-2*3/72). What is the greatest common divisor of 84 and h?
12
Let a(n) = n + 2. Let x be a(9). What is the greatest common divisor of 22 and x?
11
Let h = -74 + 106. Let l = -4 - -6. Suppose 2*g - 24 = -2*s, l*s = 3*g + 28 + 16. Calculate the highest common divisor of h and s.
16
Let m(a) = -198*a - 34. Let w(y) = -18*y - 3. Let u(l) = -6*m(l) + 68*w(l). Let k be u(-2). Calculate the greatest common divisor of 9 and k.
9
Suppose -4*r = -28 + 8. Suppose 6*p - p = -y + 48, -r*p - 5*y + 40 = 0. Let j be ((-6)/5)/((-1)/p). What is the highest common divisor of j and 6?
6
Let v(w) = 8*w**2 - w + 7. Let n be v(3). What is the greatest common divisor of n and 19?
19
Let h(d) = -d**3 - 3*d**2 + 4. Let s be h(-5). Calculate the greatest common divisor of s and 18.
18
Suppose 63 + 69 = 6*c. What is the greatest common divisor of 33 and c?
11
Let r(b) = -b**3 + 4*b**2 + 4*b - 4. Let x be r(5). Let c(p) = 2*p**3 - 1. Let v be c(3). Let i = v + x. Calculate the greatest common factor of 11 and i.
11
Let u = -16 - -20. Let z be (-3)/(6/(-56)) + 0. What is the highest common divisor of z and u?
4
Suppose 0 = 2*h - 95 - 45. Calculate the greatest common divisor of 14 and h.
14
Let c(r) = r**3 + 12*r**2 + 10*r - 4. Let n be c(-11). Calculate the greatest common factor of 77 and n.
7
Let p be (4 + 68)*2/3. What is the greatest common divisor of p and 3?
3
Let y be 4*(-2)/2*-1. Let q(o) = o + 1. Let r be q(-3). Let k be ((-1)/r)/((-4)/(-8)). What is the greatest common divisor of y and k?
1
Let y(t) = -6*t**2 + 10*t + 3. Let s = 11 - 4. Let a be y(s). Let o = -131 - a. What is the greatest common divisor of o and 18?
18
Suppose -13*g + 10*g = -9. What is the greatest common factor of 39 and g?
3
Let w = 2 + -2. Suppose w*h + h = 16. Let q be (h/(-6))/((-6)/297). What is the highest common divisor of q and 12?
12
Let a = 187 + -163. Suppose 0 = -0*d + d - 264. Calculate the greatest common divisor of d and a.
24
Let v(r) = -r**2 + 6*r - 6. Let g be v(3). What is the greatest common factor of g and 12?
3
Suppose -5*l = -6*l + 4. Let i be (2 + 2)*(-3)/6. Let j = l - i. What is the highest common divisor of 6 and j?
6
Suppose 0 = -2*n - 0*n + 88. Let z be (-2)/8 + 803/n. What is the highest common divisor of 126 and z?
18
Suppose 8 = -5*q + 4*w, -8*w + 8 = -4*q - 4*w. Let v be (-2)/8 - (-82)/8. Suppose q = i + 4*i - v. Calculate the greatest common divisor of i and 1.
1
Suppose 2*z = 6*z - 20. Suppose -p - 5*k = -136, z*p + 5*k - 972 + 292 = 0. Calculate the greatest common divisor of 17 and p.
17
Let h be (-89)/(-3) - 4/6. Suppose 4*d - 283 = h. Calculate the highest common factor of 52 and d.
26
Let r(o) = 3*o**3 + 3*o**2 - o + 1. Let c be r(2). What is the highest common factor of 14 and c?
7
Let l = 33 + -13. What is the highest common factor of 8 and l?
4
Let m be ((-21)/(-6) - 3)*(-1 - -155). Calculate the highest common factor of m and 7.
7
Suppose -8*l = -17*l + 675. What is the highest common factor of 30 and l?
15
Let r = -1 - -3. Suppose 0*t - 2*x - 7 = -t, 2*t = -4*x - 2. Suppose -t*k + 3 = -3. What is the greatest common divisor of r and k?
2
Let y = 28 + -23. What is the highest common factor of 2 and y?
1
Let a(n) = -n**2 + 18*n - 14. Let h be a(13). What is the greatest common factor of 17 and h?
17
Let g = 58 - -2. Let v(d) = -d**3 + 8*d**2 + 12*d - 3. Let h be v(9). What is the highest common factor of h and g?
12
Let g be -2*4/(24/(-75)). What is the greatest common divisor of g and 50?
25
Suppose -18 = -3*c - 3. Calculate the greatest common factor of c and 45.
5
Let t(o) = -4*o**3 - 2*o**2 - 5*o - 4. Let g be t(-2). Calculate the greatest common divisor of g and 30.
30
Let s = 10 - 2. Calculate the highest common divisor of s and 2.
2
Suppose 3*t + 2*t - 60 = 0. Calculate the greatest co